emainder when 836588 is divided by 116.
112
What is the remainder when 257887 is divided by 185?
182
What is the remainder when 3344 is divided by 1622?
100
Calculate the remainder when 100438 is divided by 20085.
13
Calculate the remainder when 3472 is divided by 256.
144
What is the remainder when 28293 is divided by 27712?
581
Calculate the remainder when 12771 is divided by 1414.
45
Calculate the remainder when 148225 is divided by 382.
9
Calculate the remainder when 424467 is divided by 141489.
0
Calculate the remainder when 21485 is divided by 639.
398
Calculate the remainder when 2032 is divided by 1009.
14
What is the remainder when 4693809 is divided by 1562?
1561
Calculate the remainder when 457420 is divided by 5864.
28
Calculate the remainder when 121795 is divided by 990.
25
Calculate the remainder when 434621 is divided by 277.
8
What is the remainder when 62775 is divided by 221?
11
Calculate the remainder when 62922 is divided by 29.
21
What is the remainder when 14949 is divided by 86?
71
Calculate the remainder when 13324 is divided by 298.
212
Calculate the remainder when 3968 is divided by 1322.
2
What is the remainder when 80950 is divided by 41?
16
Calculate the remainder when 101746 is divided by 61.
59
Calculate the remainder when 15961 is divided by 155.
151
Calculate the remainder when 104469 is divided by 423.
411
What is the remainder when 2960 is divided by 27?
17
What is the remainder when 5357 is divided by 152?
37
Calculate the remainder when 42591 is divided by 59.
52
Calculate the remainder when 2705 is divided by 1924.
781
What is the remainder when 5224 is divided by 733?
93
Calculate the remainder when 83256 is divided by 800.
56
What is the remainder when 291044 is divided by 82?
26
Calculate the remainder when 48222 is divided by 130.
122
Calculate the remainder when 126211 is divided by 227.
226
Calculate the remainder when 2076 is divided by 610.
246
What is the remainder when 78799 is divided by 31?
28
What is the remainder when 60 is divided by 37?
23
Calculate the remainder when 3850313 is divided by 109.
106
Calculate the remainder when 43236 is divided by 46.
42
What is the remainder when 41199 is divided by 4575?
24
Calculate the remainder when 80162 is divided by 44.
38
Calculate the remainder when 468229 is divided by 207.
202
What is the remainder when 14850 is divided by 2429?
276
Calculate the remainder when 41949 is divided by 114.
111
What is the remainder when 147945 is divided by 49312?
9
What is the remainder when 26837 is divided by 122?
119
What is the remainder when 203620 is divided by 3039?
7
Calculate the remainder when 4517 is divided by 1038.
365
What is the remainder when 891 is divided by 164?
71
Calculate the remainder when 18036 is divided by 2960.
276
Calculate the remainder when 610651 is divided by 451.
448
What is the remainder when 55269 is divided by 5023?
16
What is the remainder when 1192 is divided by 168?
16
What is the remainder when 162698 is divided by 378?
158
Calculate the remainder when 26632 is divided by 173.
163
What is the remainder when 1050 is divided by 182?
140
Calculate the remainder when 1068 is divided by 68.
48
What is the remainder when 10355 is divided by 334?
1
Calculate the remainder when 14668 is divided by 72.
52
What is the remainder when 30096 is divided by 237?
234
What is the remainder when 3312 is divided by 33?
12
What is the remainder when 11053 is divided by 278?
211
Calculate the remainder when 4487 is divided by 225.
212
Calculate the remainder when 269996 is divided by 134997.
2
Calculate the remainder when 72190 is divided by 96.
94
What is the remainder when 75834 is divided by 169?
122
Calculate the remainder when 197480 is divided by 544.
8
What is the remainder when 2603 is divided by 51?
2
Calculate the remainder when 9761 is divided by 41.
3
Calculate the remainder when 2810 is divided by 506.
280
Calculate the remainder when 26896 is divided by 113.
2
What is the remainder when 16299 is divided by 10?
9
What is the remainder when 58602 is divided by 5857?
32
What is the remainder when 252427 is divided by 512?
11
Calculate the remainder when 18470 is divided by 666.
488
What is the remainder when 987882 is divided by 15?
12
What is the remainder when 1564856 is divided by 421?
420
What is the remainder when 10603 is divided by 155?
63
Calculate the remainder when 3504492 is divided by 2702.
2700
What is the remainder when 10463 is divided by 361?
355
Calculate the remainder when 3454 is divided by 68.
54
What is the remainder when 228713 is divided by 271?
260
Calculate the remainder when 42271 is divided by 61.
59
Calculate the remainder when 8685 is divided by 154.
61
Calculate the remainder when 5418 is divided by 1805.
3
What is the remainder when 6982 is divided by 461?
67
What is the remainder when 4449 is divided by 150?
99
What is the remainder when 5725 is divided by 681?
277
Calculate the remainder when 78911 is divided by 28.
7
Calculate the remainder when 33637 is divided by 29.
26
Calculate the remainder when 64217 is divided by 9167.
48
What is the remainder when 8733 is divided by 4089?
555
What is the remainder when 7198 is divided by 144?
142
What is the remainder when 24823 is divided by 88?
7
Calculate the remainder when 1041 is divided by 344.
9
What is the remainder when 641 is divided by 68?
29
Calculate the remainder when 150591 is divided by 100.
91
Calculate the remainder when 34696 is divided by 11556.
28
Calculate the remainder when 85226 is divided by 3703.
57
Calculate the remainder when 1061099 is divided by 68.
27
What is the remainder when 8467 is divided by 93?
4
Calculate the remainder when 10304 is divided by 684.
44
Calculate the remainder when 2696 is divided by 587.
348
Calculate the remainder when 3560 is divided by 330.
260
Calculate the remainder when 33277 is divided by 474.
97
What is the remainder when 62937 is divided by 19?
9
What is the remainder when 11556 is divided by 333?
234
What is the remainder when 9047 is divided by 156?
155
Calculate the remainder when 49913 is divided by 91.
45
Calculate the remainder when 21310 is divided by 38.
30
What is the remainder when 41613 is divided by 20787?
39
What is the remainder when 125480 is divided by 125466?
14
What is the remainder when 76690 is divided by 30?
10
Calculate the remainder when 31282 is divided by 9.
7
What is the remainder when 152559 is divided by 32?
15
What is the remainder when 2051 is divided by 2017?
34
Calculate the remainder when 460359 is divided by 13950.
9
Calculate the remainder when 191027 is divided by 5.
2
What is the remainder when 4634448 is divided by 10?
8
What is the remainder when 152591 is divided by 272?
271
What is the remainder when 246 is divided by 59?
10
Calculate the remainder when 3935 is divided by 164.
163
Calculate the remainder when 7991 is divided by 86.
79
What is the remainder when 364667 is divided by 176?
171
Calculate the remainder when 16640 is divided by 96.
32
What is the remainder when 94481 is divided by 9?
8
Calculate the remainder when 12478 is divided by 128.
62
Calculate the remainder when 6056 is divided by 155.
11
Calculate the remainder when 2380 is divided by 278.
156
Calculate the remainder when 9181 is divided by 757.
97
What is the remainder when 205751 is divided by 319?
315
What is the remainder when 3783 is divided by 610?
123
Calculate the remainder when 3709 is divided by 3709.
0
What is the remainder when 7066868 is divided by 27?
23
What is the remainder when 23967 is divided by 102?
99
Calculate the remainder when 565031 is divided by 13.
12
Calculate the remainder when 50055 is divided by 3127.
23
What is the remainder when 68417 is divided by 506?
107
Calculate the remainder when 6266 is divided by 6258.
8
What is the remainder when 1816 is divided by 12?
4
What is the remainder when 14343 is divided by 184?
175
What is the remainder when 798168 is divided by 351?
345
Calculate the remainder when 599442 is divided by 99905.
12
What is the remainder when 46059 is divided by 15331?
66
Calculate the remainder when 12762 is divided by 638.
2
Calculate the remainder when 31324 is divided by 1128.
868
Calculate the remainder when 433427 is divided by 8